{"id":13,"date":"2021-05-14T16:48:43","date_gmt":"2021-05-14T16:48:43","guid":{"rendered":"http:\/\/ctic.localhost\/?page_id=13"},"modified":"2023-03-13T20:34:29","modified_gmt":"2023-03-13T20:34:29","slug":"como-se-integra-el-ctic","status":"publish","type":"page","link":"https:\/\/ctic.veracruz.gob.mx\/?page_id=13","title":{"rendered":"\u00bfC\u00f3mo se integra el CTIC?"},"content":{"rendered":"<p class=\"p1\">El Comit\u00e9 se integrar\u00e1 por un Presidente, un Vicepresidente, un Secretario Ejecutivo, un Secretario T\u00e9cnico, nueve vocales y un Contralor; quienes tendr\u00e1n derecho a voz y voto a excepci\u00f3n del contralor quien tendr\u00e1 las funciones de supervisi\u00f3n y vigilancia; conform\u00e1ndose de la siguiente manera:<\/p>\n\n\n<p style=\"font-size:1rem\"><em><strong>Los cargos que desempe\u00f1en los integrantes del Comit\u00e9 son honor\u00edficos por lo que no recibir\u00e1n remuneraci\u00f3n alguna por su participaci\u00f3n en el mismo.<\/strong><\/em><\/p>\n","protected":false},"excerpt":{"rendered":"<p>El Comit\u00e9 se integrar\u00e1 por un Presidente, un Vicepresidente, un Secretario Ejecutivo, un Secretario T\u00e9cnico, nueve vocales y un Contralor; quienes tendr\u00e1n derecho a voz y voto a excepci\u00f3n del contralor quien tendr\u00e1 las funciones de supervisi\u00f3n y vigilancia; conform\u00e1ndose de la siguiente manera: Los cargos que desempe\u00f1en los integrantes del Comit\u00e9 son honor\u00edficos por [&hellip;]<\/p>\n","protected":false},"author":1,"featured_media":0,"parent":0,"menu_order":0,"comment_status":"closed","ping_status":"closed","template":"","meta":[],"_links":{"self":[{"href":"https:\/\/ctic.veracruz.gob.mx\/index.php?rest_route=\/wp\/v2\/pages\/13"}],"collection":[{"href":"https:\/\/ctic.veracruz.gob.mx\/index.php?rest_route=\/wp\/v2\/pages"}],"about":[{"href":"https:\/\/ctic.veracruz.gob.mx\/index.php?rest_route=\/wp\/v2\/types\/page"}],"author":[{"embeddable":true,"href":"https:\/\/ctic.veracruz.gob.mx\/index.php?rest_route=\/wp\/v2\/users\/1"}],"replies":[{"embeddable":true,"href":"https:\/\/ctic.veracruz.gob.mx\/index.php?rest_route=%2Fwp%2Fv2%2Fcomments&post=13"}],"version-history":[{"count":6,"href":"https:\/\/ctic.veracruz.gob.mx\/index.php?rest_route=\/wp\/v2\/pages\/13\/revisions"}],"predecessor-version":[{"id":300,"href":"https:\/\/ctic.veracruz.gob.mx\/index.php?rest_route=\/wp\/v2\/pages\/13\/revisions\/300"}],"wp:attachment":[{"href":"https:\/\/ctic.veracruz.gob.mx\/index.php?rest_route=%2Fwp%2Fv2%2Fmedia&parent=13"}],"curies":[{"name":"wp","href":"https:\/\/api.w.org\/{rel}","templated":true}]}}

¿Cómo se integra el CTIC?

<p class="p1">El Comité se integrará por un Presidente, un Vicepresidente, un Secretario Ejecutivo, un Secretario Técnico, nueve vocales y un Contralor; quienes tendrán derecho a voz y voto a excepción del contralor quien tendrá las funciones de supervisión y vigilancia; conformándose de la siguiente manera:</p>


<p style="font-size:1rem"><em><strong>Los cargos que desempeñen los integrantes del Comité son honoríficos por lo que no recibirán remuneración alguna por su participación en el mismo.</strong></em></p>

<p>El Comité se integrará por un Presidente, un Vicepresidente, un Secretario Ejecutivo, un Secretario Técnico, nueve vocales y un Contralor; quienes tendrán derecho a voz y voto a excepción del contralor quien tendrá las funciones de supervisión y vigilancia; conformándose de la siguiente manera: Los cargos que desempeñen los integrantes del Comité son honoríficos por [&hellip;]</p>
